{"id":2,"date":"2022-03-18T12:32:27","date_gmt":"2022-03-18T11:32:27","guid":{"rendered":"http:\/\/delphinelemaire-psychologue-sexologue.fr\/?page_id=2"},"modified":"2022-04-05T13:02:52","modified_gmt":"2022-04-05T11:02:52","slug":"page-d-exemple","status":"publish","type":"page","link":"https:\/\/delphinelemaire-psychologue-sexologue.fr\/","title":{"rendered":"PSYCHOLOGUE SEXOLOGUE CLINICIENNE"},"content":{"rendered":"\n<p>DIPL\u00d4ME Psychologie, CURSUS psychologie clinique et d\u00e9veloppementale.&nbsp;<\/p>\n\n\n\n<p>FORMATION psycho sexologie de l\u2019\u00c9cole de Psycho Sexologie de Paris.<\/p>\n\n\n\n<p>FORMATION REC-SO, Reprogrammation Emotionnelle et Comportementale par Stimulation Oculaire.<\/p>\n\n\n\n<div style=\"height:50px\" aria-hidden=\"true\" class=\"wp-block-spacer\"><\/div>\n\n\n\n<div class=\"wp-block-buttons is-layout-flex wp-block-buttons-is-layout-flex\">\n<div class=\"wp-block-button\"><a class=\"wp-block-button__link\" href=\"https:\/\/delphinelemaire-psychologue-sexologue.fr\/?page_id=104\">FORMATION EN SAVOIR +<\/a><\/div>\n<\/div>\n\n\n\n<div style=\"height:100px\" aria-hidden=\"true\" class=\"wp-block-spacer\"><\/div>\n\n\n\n<figure class=\"wp-block-image alignfull size-large\"><img loading=\"lazy\" decoding=\"async\" width=\"1024\" height=\"536\" src=\"http:\/\/delphinelemaire-psychologue-sexologue.fr\/wp-content\/uploads\/2022\/04\/delphine_lemaire_psychologue_sexologue_clinicienne_01-01-1024x536.jpg\" alt=\"\" class=\"wp-image-186\" srcset=\"https:\/\/delphinelemaire-psychologue-sexologue.fr\/wp-content\/uploads\/2022\/04\/delphine_lemaire_psychologue_sexologue_clinicienne_01-01-1024x536.jpg 1024w, https:\/\/delphinelemaire-psychologue-sexologue.fr\/wp-content\/uploads\/2022\/04\/delphine_lemaire_psychologue_sexologue_clinicienne_01-01-300x157.jpg 300w, https:\/\/delphinelemaire-psychologue-sexologue.fr\/wp-content\/uploads\/2022\/04\/delphine_lemaire_psychologue_sexologue_clinicienne_01-01-768x402.jpg 768w, https:\/\/delphinelemaire-psychologue-sexologue.fr\/wp-content\/uploads\/2022\/04\/delphine_lemaire_psychologue_sexologue_clinicienne_01-01-1536x804.jpg 1536w, https:\/\/delphinelemaire-psychologue-sexologue.fr\/wp-content\/uploads\/2022\/04\/delphine_lemaire_psychologue_sexologue_clinicienne_01-01-2048x1072.jpg 2048w, https:\/\/delphinelemaire-psychologue-sexologue.fr\/wp-content\/uploads\/2022\/04\/delphine_lemaire_psychologue_sexologue_clinicienne_01-01-2000x1047.jpg 2000w\" sizes=\"auto, (max-width: 1024px) 100vw, 1024px\" \/><\/figure>\n\n\n\n<div style=\"height:100px\" aria-hidden=\"true\" class=\"wp-block-spacer\"><\/div>\n\n\n\n<h1 class=\"wp-block-heading\"><strong>COMMENT SE PASSE UNE CONSULTATION&nbsp; ?<\/strong><\/h1>\n\n\n\n<p>Sur la base d\u2019une approche conversationnelle analytique UTILISATION de diff\u00e9rents outils selon les besoins (E.F.T, reconditionnement \u00e9motionnel,&nbsp;\u2026)<\/p>\n\n\n\n<div style=\"height:50px\" aria-hidden=\"true\" class=\"wp-block-spacer\"><\/div>\n\n\n\n<div class=\"wp-block-buttons is-layout-flex wp-block-buttons-is-layout-flex\">\n<div class=\"wp-block-button\"><a class=\"wp-block-button__link\" href=\"https:\/\/delphinelemaire-psychologue-sexologue.fr\/?page_id=77\">CONSULTATION EN SAVOIR +<\/a><\/div>\n<\/div>\n\n\n\n<div style=\"height:100px\" aria-hidden=\"true\" class=\"wp-block-spacer\"><\/div>\n\n\n\n<figure class=\"wp-block-image size-large is-resized\"><img loading=\"lazy\" decoding=\"async\" src=\"https:\/\/delphinelemaire-psychologue-sexologue.fr\/wp-content\/uploads\/2022\/04\/DELPHINE_LEMAIRE_psychologue_sexologue_clinicienne_04-1024x681.jpeg\" alt=\"\" class=\"wp-image-188\" width=\"840\" height=\"558\" srcset=\"https:\/\/delphinelemaire-psychologue-sexologue.fr\/wp-content\/uploads\/2022\/04\/DELPHINE_LEMAIRE_psychologue_sexologue_clinicienne_04-1024x681.jpeg 1024w, https:\/\/delphinelemaire-psychologue-sexologue.fr\/wp-content\/uploads\/2022\/04\/DELPHINE_LEMAIRE_psychologue_sexologue_clinicienne_04-300x200.jpeg 300w, https:\/\/delphinelemaire-psychologue-sexologue.fr\/wp-content\/uploads\/2022\/04\/DELPHINE_LEMAIRE_psychologue_sexologue_clinicienne_04-768x511.jpeg 768w, https:\/\/delphinelemaire-psychologue-sexologue.fr\/wp-content\/uploads\/2022\/04\/DELPHINE_LEMAIRE_psychologue_sexologue_clinicienne_04-1536x1022.jpeg 1536w, https:\/\/delphinelemaire-psychologue-sexologue.fr\/wp-content\/uploads\/2022\/04\/DELPHINE_LEMAIRE_psychologue_sexologue_clinicienne_04.jpeg 2000w\" sizes=\"auto, (max-width: 840px) 100vw, 840px\" \/><figcaption>DELPHINE LEMAIRE PSYCHOLOGUE SEXOLOGUE, consultation<\/figcaption><\/figure>\n\n\n\n<div style=\"height:100px\" aria-hidden=\"true\" class=\"wp-block-spacer\"><\/div>\n\n\n\n<h1 class=\"wp-block-heading\">POURQUOI CONSULTER ?<\/h1>\n\n\n\n<p>VOUS RESSENTEZ UN MAL \u00caTRE&#8230; DIFFICULT\u00c9S de gestion des \u00e9motions,&nbsp;BESOIN de parler,&nbsp;VICTIME d\u2019une agression&#8230; Troubles sexuels, vaginisme, addictions&#8230;<\/p>\n\n\n\n<div style=\"height:50px\" aria-hidden=\"true\" class=\"wp-block-spacer\"><\/div>\n\n\n\n<div class=\"wp-block-buttons is-layout-flex wp-block-buttons-is-layout-flex\">\n<div class=\"wp-block-button\"><a class=\"wp-block-button__link\" href=\"https:\/\/delphinelemaire-psychologue-sexologue.fr\/?page_id=75\">CONSULTER EN SAVOIR +<\/a><\/div>\n<\/div>\n\n\n\n<div style=\"height:100px\" aria-hidden=\"true\" class=\"wp-block-spacer\"><\/div>\n\n\n\n<div class=\"wp-block-cover alignfull is-light\"><span aria-hidden=\"true\" class=\"wp-block-cover__gradient-background has-pale-ocean-gradient-background has-background-dim has-background-gradient\"><\/span><img loading=\"lazy\" decoding=\"async\" width=\"1024\" height=\"614\" class=\"wp-block-cover__image-background wp-image-82\" alt=\"\" src=\"http:\/\/delphinelemaire-psychologue-sexologue.fr\/wp-content\/uploads\/2022\/03\/cropped-delphinelemaire_psychologuesexologue_cabinet_2-scaled-1-1024x614.jpg\" data-object-fit=\"cover\" srcset=\"https:\/\/delphinelemaire-psychologue-sexologue.fr\/wp-content\/uploads\/2022\/03\/cropped-delphinelemaire_psychologuesexologue_cabinet_2-scaled-1-1024x614.jpg 1024w, https:\/\/delphinelemaire-psychologue-sexologue.fr\/wp-content\/uploads\/2022\/03\/cropped-delphinelemaire_psychologuesexologue_cabinet_2-scaled-1-300x180.jpg 300w, https:\/\/delphinelemaire-psychologue-sexologue.fr\/wp-content\/uploads\/2022\/03\/cropped-delphinelemaire_psychologuesexologue_cabinet_2-scaled-1-768x461.jpg 768w, https:\/\/delphinelemaire-psychologue-sexologue.fr\/wp-content\/uploads\/2022\/03\/cropped-delphinelemaire_psychologuesexologue_cabinet_2-scaled-1-1536x922.jpg 1536w, https:\/\/delphinelemaire-psychologue-sexologue.fr\/wp-content\/uploads\/2022\/03\/cropped-delphinelemaire_psychologuesexologue_cabinet_2-scaled-1.jpg 2000w\" sizes=\"auto, (max-width: 1024px) 100vw, 1024px\" \/><div class=\"wp-block-cover__inner-container is-layout-flow wp-block-cover-is-layout-flow\">\n<p class=\"has-white-color has-text-color has-large-font-size\">CONSULTATION SUR RENDEZ-VOUS <\/p>\n\n\n\n<div class=\"wp-block-buttons is-layout-flex wp-block-buttons-is-layout-flex\">\n<div class=\"wp-block-button\"><a class=\"wp-block-button__link\" href=\"https:\/\/delphinelemaire-psychologue-sexologue.fr\/?page_id=77\">en savoir +<\/a><\/div>\n<\/div>\n<\/div><\/div>\n\n\n\n<div style=\"height:150px\" aria-hidden=\"true\" class=\"wp-block-spacer\"><\/div>\n","protected":false},"excerpt":{"rendered":"<p>DIPL\u00d4ME Psychologie, CURSUS psychologie clinique et d\u00e9veloppementale.&nbsp; FORMATION psycho sexologie de l\u2019\u00c9cole de Psycho Sexologie de Paris. FORMATION REC-SO, Reprogrammation Emotionnelle et Comportementale par Stimulation Oculaire. COMMENT SE PASSE UNE CONSULTATION&nbsp; ? Sur la base d\u2019une approche conversationnelle analytique UTILISATION de diff\u00e9rents outils selon les besoins (E.F.T, reconditionnement \u00e9motionnel,&nbsp;\u2026) POURQUOI CONSULTER ? VOUS RESSENTEZ UN &hellip; <\/p>\n<p class=\"link-more\"><a href=\"https:\/\/delphinelemaire-psychologue-sexologue.fr\/\" class=\"more-link\">Read more<span class=\"screen-reader-text\"> &#8220;PSYCHOLOGUE SEXOLOGUE CLINICIENNE&#8221;<\/span><\/a><\/p>\n","protected":false},"author":1,"featured_media":0,"parent":0,"menu_order":0,"comment_status":"closed","ping_status":"open","template":"","meta":{"footnotes":""},"class_list":["post-2","page","type-page","status-publish","hentry"],"_links":{"self":[{"href":"https:\/\/delphinelemaire-psychologue-sexologue.fr\/index.php?rest_route=\/wp\/v2\/pages\/2","targetHints":{"allow":["GET"]}}],"collection":[{"href":"https:\/\/delphinelemaire-psychologue-sexologue.fr\/index.php?rest_route=\/wp\/v2\/pages"}],"about":[{"href":"https:\/\/delphinelemaire-psychologue-sexologue.fr\/index.php?rest_route=\/wp\/v2\/types\/page"}],"author":[{"embeddable":true,"href":"https:\/\/delphinelemaire-psychologue-sexologue.fr\/index.php?rest_route=\/wp\/v2\/users\/1"}],"replies":[{"embeddable":true,"href":"https:\/\/delphinelemaire-psychologue-sexologue.fr\/index.php?rest_route=%2Fwp%2Fv2%2Fcomments&post=2"}],"version-history":[{"count":34,"href":"https:\/\/delphinelemaire-psychologue-sexologue.fr\/index.php?rest_route=\/wp\/v2\/pages\/2\/revisions"}],"predecessor-version":[{"id":208,"href":"https:\/\/delphinelemaire-psychologue-sexologue.fr\/index.php?rest_route=\/wp\/v2\/pages\/2\/revisions\/208"}],"wp:attachment":[{"href":"https:\/\/delphinelemaire-psychologue-sexologue.fr\/index.php?rest_route=%2Fwp%2Fv2%2Fmedia&parent=2"}],"curies":[{"name":"wp","href":"https:\/\/api.w.org\/{rel}","templated":true}]}}